is divided by o.
83
Let x = 108 + -174. Let n = x - -80. Calculate the remainder when 250 is divided by n.
12
Let r be 357/49 - (-2)/(-7). What is the remainder when 19 is divided by 17/((-68)/(-24)) + r?
6
Calculate the remainder when (-5)/((-15)/279)*(1 + -7)/(-6) is divided by 5.
3
Let l be (-84)/(-18)*(-6)/(-1). Suppose 0 = t - 4*r - 7, -3*t - t + l = 3*r. What is the remainder when 22 is divided by t?
1
Suppose 0 = 2*c - 22 - 32. Let s be ((-28)/30*-3)/((-7)/(-245)). Suppose -18 + s = 5*k. What is the remainder when c is divided by k?
11
Let t(h) = -h**2 - 15*h + 17. Let g be t(-15). Suppose 3*r + g - 62 = -3*n, -2*r + 4 = 0. Calculate the remainder when n is divided by 6.
1
Let x(z) = -138*z - 3442. What is the remainder when 1165 is divided by x(-25)?
5
Let c = 144 + -113. Suppose -34 = 14*l - 19*l - 4*w, 0 = -5*l - w + c. What is the remainder when 37 is divided by l?
1
Let c(t) = -11*t**3 - 22*t**2 - 8*t - 6. Let s(x) = 2*x**2 - 5*x + 3. Calculate the remainder when c(-2) is divided by s(3).
4
Suppose 523*w - 12182 = 266*w + 16088. Calculate the remainder when w is divided by (2 + 0)*46/4.
18
Suppose -31*b + 620 = 3*r - 32*b, 5*r - 3*b - 1028 = 0. What is the remainder when r is divided by 19?
18
Let j = 9384 + -8417. Calculate the remainder when j is divided by 224.
71
Let j(a) = -4*a + 47. Let i(o) = 19*o - 5. Suppose -15 - 9 = -12*w. Calculate the remainder when i(w) is divided by j(7).
14
Suppose 0 = -c - 3*o + 95, -c + 0*o + 115 = -2*o. Suppose d + 4*j + 23 = 0, 7 + 7 = -3*d - j. Calculate the remainder when c is divided by -10*d*3/9.
7
Suppose 7 = 3*o + 1. Suppose -j - 20 = -o*p, 0 = -4*p - 4*j + 3*j + 28. Suppose 2*s = p, 2*s + 37 = -0*f + 3*f. Calculate the remainder when 44 is divided by f.
14
Suppose 5*y - 2*y + 8 = 4*k, -4*k = -5*y. Let o = 92 + -98. What is the remainder when -8*(o/14)/((-76)/(-133)) is divided by y?
2
What is the remainder when 897 is divided by (-63)/105 - (-5 - (-42)/30)?
0
Suppose 0 = -2*s + 4*k - 2 + 38, -3*k + 43 = s. Calculate the remainder when 1896 is divided by s.
20
Let s = 16221 - 16017. What is the remainder when 835 is divided by s?
19
Suppose -882 = -45*v + 873. What is the remainder when v is divided by 9?
3
Calculate the remainder when 1914*(7/(-49) - (-9)/14) is divided by 205.
137
Let j = 91043 - 91030. What is the remainder when (-37)/(-1)*2/2 is divided by j?
11
Let g(k) = -46*k**2 + 51*k - 182. Let q be g(4). Let z = -700 - q. Calculate the remainder when 558 is divided by z.
12
Let n(d) = -d**2 - 14*d - 22. Let a be n(-5). Let r(f) = 3*f + 39. Calculate the remainder when r(a) is divided by 34.
6
Suppose 124*z = 116*z + 16. What is the remainder when 22 + 342 + z + -3 + 2 is divided by 16?
13
Let k = 34 - 32. Let v be 9/(k + 1) - (0 - 1). Suppose 6*o = -3*h + 5*o + 156, h - 63 = -v*o. Calculate the remainder when h is divided by 11.
7
Suppose -36*f + 52 = 16. Calculate the remainder when 6 is divided by f.
0
Suppose -3*h + 28 = -3*i - 8*h, -2 = 2*i - 5*h. Let k(l) = -6*l - 3. Let y(p) = 15*p**2 - 119*p - 13. Calculate the remainder when y(9) is divided by k(i).
32
Suppose 0 = 4*r + 5*y - 1535 + 241, 4*r - 1300 = -2*y. What is the remainder when 989 is divided by r?
11
Suppose 0 = -0*o - 2*o. Suppose 8 = y - o*y. Suppose -4*l + 106 = 2*v, -4*v - 11*l - 82 = -321. Calculate the remainder when v is divided by y.
3
Let z(d) = -d**2 + 3*d - 7. Let c = -14 - -11. Let t be z(c). Let v = t - -32. What is the remainder when 7 is divided by v?
0
Let k = -95 + 142. Suppose 0 = 13*o - 31 - k. What is the remainder when 17 is divided by ((-20)/o)/1*(-57)/38?
2
Let r = -474 + 834. Suppose 5*z - 25*z + r = 0. Calculate the remainder when 77 is divided by z.
5
Let j(p) = -24*p + 3984. What is the remainder when 4485 is divided by j(165)?
21
Suppose 0 = -4*r + 3*r, 0 = -2*u + r + 92. Suppose 63 = 5*l - b, -5*l + 9 = -5*b - u. Calculate the remainder when 193 is divided by l.
11
Let f = 89 - 7. Suppose 331 - 87 = 4*r. Suppose 72*v - 187 = r*v. What is the remainder when f is divided by v?
14
Let f(x) = 2*x**2 - 251*x - 493. Calculate the remainder when 695/7 + 4/(-14) is divided by f(-2).
14
Let v = -3104 + 3238. Calculate the remainder when v is divided by 23.
19
Suppose -94*u = -99*u + 4*l + 984, 0 = 4*u - 4*l - 792. What is the remainder when 2303 is divided by u?
191
Let s = 173 - 173. Suppose -8*k + 225 - 49 = s. What is the remainder when 85 is divided by k?
19
Suppose 3*m + 2*m - 575 = 0. Let x = 9446 - 9382. What is the remainder when m is divided by x?
51
Let t = 9 + -3. Suppose -3*g - 4*q + 35 = 0, 0 = -5*g + t*g - 2*q - 25. What is the remainder when 33 - 4*5/20 is divided by g?
15
Suppose -24 - 93 = -3*w. Let c = -4 - -214. Suppose -c = -16*s + 6*s. Calculate the remainder when w is divided by s.
18
Suppose -5*u - 173 = -f - 3*u, 3*u = -2*f + 381. Calculate the remainder when f is divided by 23*(-3 + -27 - -31)/((-1)/(-1)).
22
Calculate the remainder when 1897 is divided by 1 + 105/(-75) - (-9454)/10.
7
Suppose 0 = -4*c - 5*o + 570, 2*c + 77 = 2*o + 353. Let s = 178 - c. What is the remainder when s is divided by 10?
8
Suppose 0 = -10*i + 46*i - 1152. Let a(x) = x**2 + 4*x - 2. Calculate the remainder when a(6) is divided by i.
26
Let b(m) = -3*m - 12. Let c(d) = d - 9. Let i = 17 + -3. What is the remainder when b(-11) is divided by c(i)?
1
Suppose 3*p - 96 = 5*y, -5*y + 2*p - 86 = 13. Let u = -23 - y. Calculate the remainder when 142 is divided by 178/6 + (8/(-12))/u.
22
Let n(w) = w**2 + 14*w + 759. What is the remainder when n(31) is divided by 17?
12
Suppose -32602 = -22*u + 29684 + 6310. What is the remainder when u is divided by 24?
22
Let k = -32 + 45. Suppose -z + k = 10. What is the remainder when (69/18 - z)*6 is divided by 3?
2
Let n = 507 - 505. Calculate the remainder when -2*(-7 + (-11)/n) is divided by 11.
3
Suppose 0 = -5*a - d + 117, -2*d = -4*a + 2*a + 42. What is the remainder when ((-2)/(-4) - 0)/((-441)/(-200214)) is divided by a?
20
Let v(i) be the second derivative of i**5/20 + i**4/12 + 5*i**3/6 - 23*i**2/2 - 2*i - 91. Calculate the remainder when v(3) is divided by 8.
4
Let h(v) = -v**2 - 6*v + 5. Let u = -248 - -253. Suppose -3*b + 6*p - 2*p = -146, 4*b + u*p - 174 = 0. What is the remainder when b is divided by h(-5)?
6
Let s(v) = 17*v**2 - 68*v + 83. Calculate the remainder when s(-5) is divided by 14.
8
Let u = 7488 - 7419. What is the remainder when 894 is divided by u?
66
Suppose 19*z - 32649 + 11163 = 42373. What is the remainder when z is divided by 57?
55
Suppose 5*d - 36 = -11. Suppose 71 = 5*k - 0*y - 4*y, 0 = 5*k + d*y - 35. Let q(n) = -n**2 + 12*n + 14. Calculate the remainder when 74 is divided by q(k).
24
Suppose f - 481 = p, -p = 5*f - 4*p - 2403. Calculate the remainder when 257 is divided by (3744/f)/((-3)/(-5)).
10
Suppose 0 = -4708*d + 4711*d - 123. What is the remainder when 243 is divided by d?
38
Suppose -11*l = -528 - 11. Let z = 317 - -123. Calculate the remainder when z is divided by l.
48
Let f(s) be the third derivative of 4*s**4/3 + 47*s**3/2 + 6*s**2 + 9*s. Suppose 0 = z - 0*z - 51. What is the remainder when z is divided by f(-4)?
12
Let r(x) = x**3 + 2*x**2 - 6*x - 2. Let j be r(-4). Let u be (-5)/j + (-3)/(-2). Suppose -u*p - 40 = -58. What is the remainder when 60 is divided by p?
6
Suppose -20 = 2*f, 2*q + 40*f = 39*f + 65 + 13. Let j = 2 - 1. What is the remainder when q is divided by (1 + j + -1)*9?
8
Suppose -44657 = -48*v + 6655. Calculate the remainder when v is divided by 107.
106
Suppose 0 = 44*q - 23*q - 78246. What is the remainder when q is divided by 113?
110
Suppose -13 = -2*t - 17, 3*l = -3*t + 561. What is the remainder when l is divided by 91?
7
Let n(i) = 374*i**2 + 8*i - 8. Calculate the remainder when n(1) is divided by 40.
14
Suppose -15*i = 17663 - 21083. What is the remainder when i is divided by 72?
12
Suppose 5*o - 8*o + 5*w = -47, -4*w = 4. Let l(a) = -a**3 + 8*a**2 + 11*a - 12. What is the remainder when o is divided by l(9)?
2
Let n = 2100 - 2115. Let c(i) = i**3 + 18*i**2 + 41*i - 17. Suppose -o + 22 = -0. Calculate the remainder when c(n) is divided by o.
21
Suppose -24*a + 25 = -29*a. What is the remainder when 53 is divided by (52/2 - 1) + a?
13
Let v(y) = -y**3 - 29*y**2 - 17*y - 160. Let p be 